ulate the greatest common factor of 48795558 and 966.
966
What is the highest common factor of 471060 and 22302074?
5234
What is the greatest common factor of 45952230 and 31?
31
What is the greatest common divisor of 7728 and 247926?
42
Calculate the greatest common factor of 429279277 and 15052.
3763
What is the greatest common factor of 3519 and 3261195?
153
Calculate the highest common divisor of 111390 and 9905810.
790
What is the highest common divisor of 36652 and 216293924?
5236
What is the highest common divisor of 27 and 47240595?
9
Calculate the greatest common factor of 596948 and 24596.
44
Calculate the highest common divisor of 13032989 and 155.
31
What is the greatest common factor of 1667000 and 750?
250
What is the highest common factor of 443 and 41467901?
443
What is the greatest common factor of 9284805 and 18320?
1145
What is the greatest common factor of 99631 and 147?
7
What is the greatest common factor of 452261144 and 1012?
92
What is the greatest common divisor of 1042546 and 160200?
178
Calculate the greatest common divisor of 82743710 and 14.
14
What is the greatest common factor of 148 and 420061?
37
What is the greatest common factor of 44672789 and 203?
203
Calculate the highest common divisor of 8045728 and 64.
32
What is the greatest common factor of 72 and 89209854?
18
Calculate the highest common factor of 2 and 4986244.
2
Calculate the greatest common divisor of 2388933 and 5537.
113
What is the greatest common factor of 7878857 and 49588?
1127
What is the greatest common divisor of 277651339 and 7?
7
What is the highest common divisor of 1470 and 5932930?
10
What is the highest common divisor of 11484 and 2542035078?
5742
Calculate the greatest common factor of 353599716 and 60.
12
Calculate the greatest common divisor of 243447 and 3648.
57
Calculate the highest common divisor of 13405185 and 170.
5
What is the highest common factor of 3136475777 and 149?
149
What is the greatest common divisor of 218407033 and 93119?
7163
Calculate the greatest common factor of 1728 and 44992512.
576
Calculate the highest common divisor of 423249792 and 336.
336
Calculate the greatest common factor of 56280720 and 26401.
1553
Calculate the greatest common factor of 9141 and 83609680.
3047
Calculate the highest common factor of 5554926 and 81918.
2214
What is the highest common factor of 1432 and 132430644?
716
What is the greatest common factor of 166 and 1748225348?
166
Calculate the highest common divisor of 88856 and 14554.
766
What is the highest common divisor of 155884476 and 3905?
781
Calculate the highest common factor of 1304 and 835288.
8
What is the greatest common factor of 8751575 and 21?
7
What is the greatest common divisor of 15257 and 2228909?
1387
What is the greatest common divisor of 150 and 29081805?
15
What is the greatest common factor of 14626082 and 1778?
254
Calculate the highest common divisor of 331502 and 819874.
166
What is the greatest common factor of 2662 and 6408644?
242
Calculate the highest common divisor of 3090226 and 121250.
194
Calculate the highest common divisor of 3987 and 216761229.
3987
What is the greatest common divisor of 7368 and 61539992?
2456
Calculate the highest common divisor of 9982 and 46298.
14
What is the highest common factor of 2563 and 892047024?
2563
Calculate the greatest common factor of 17982 and 52002.
486
What is the highest common divisor of 13626 and 8775901?
757
What is the highest common factor of 2455688 and 58384?
712
Calculate the greatest common divisor of 6613363 and 180032.
2813
What is the highest common divisor of 772 and 20338726?
386
Calculate the greatest common divisor of 37826139 and 826.
59
What is the highest common factor of 18041115 and 10?
5
Calculate the greatest common factor of 75725 and 342510.
1165
Calculate the greatest common divisor of 3233251 and 2061.
229
What is the greatest common factor of 239265243 and 42?
21
What is the highest common factor of 26676646 and 38?
38
Calculate the highest common divisor of 206 and 225092389.
103
What is the highest common factor of 1376 and 2298694?
86
Calculate the greatest common factor of 305888463 and 3231.
3231
Calculate the highest common factor of 7 and 41212584.
7
Calculate the highest common divisor of 4648 and 7211206.
166
What is the greatest common factor of 17525556 and 36?
36
What is the greatest common factor of 1605069 and 108?
27
What is the greatest common factor of 1590 and 437910?
30
Calculate the greatest common divisor of 54513303 and 741.
39
Calculate the highest common divisor of 192247902 and 2016.
126
What is the highest common factor of 1296457102 and 134?
134
Calculate the greatest common divisor of 6075 and 860875.
25
Calculate the greatest common divisor of 452056 and 113256.
968
What is the greatest common divisor of 80512365 and 45?
15
Calculate the greatest common factor of 5287698 and 354.
354
Calculate the highest common factor of 84539367 and 6534.
99
Calculate the highest common divisor of 650 and 578850.
50
What is the greatest common factor of 2639622 and 128118?
978
What is the greatest common divisor of 8451206 and 4360?
218
Calculate the highest common factor of 860362 and 11634.
554
What is the greatest common factor of 419622 and 664762?
1442
Calculate the greatest common divisor of 123197399 and 26.
13
What is the greatest common divisor of 634840 and 894440?
2360
Calculate the highest common divisor of 11 and 851230567.
11
Calculate the greatest common factor of 434 and 1600886.
14
What is the highest common factor of 9075722 and 34?
34
What is the highest common divisor of 176168 and 41968?
488
Calculate the greatest common factor of 15645 and 11822405.
5215
Calculate the greatest common divisor of 7732728 and 3165.
633
What is the greatest common factor of 1481393 and 18189?
2021
Calculate the greatest common factor of 4137 and 525021.
21
What is the highest common divisor of 117985 and 294770?
35
Calculate the highest common divisor of 2744 and 131160.
8
What is the highest common factor of 1729770 and 8610?
210
Calculate the highest common divisor of 1876832 and 851552.
2848
What is the greatest common factor of 36939 and 38566075?
1759
Calculate the highest common divisor of 1174710 and 5280.
30
Calculate the highest common factor of 2014 and 6531190.
106
Calculate the highest common divisor of 14 and 114666434.
2
What is the highest common divisor of 68943287 and 1302?
217
What is the greatest common divisor of 129 and 19716919?
43
Calculate the greatest common divisor of 12927 and 20146521.
417
Calculate the highest common divisor of 6 and 334630914.
6
What is the highest common factor of 175826894 and 1206?
134
Calculate the highest common factor of 531828 and 4851.
99
Calculate the highest common divisor of 92317413 and 23079.
471
Calculate the greatest common divisor of 77826 and 21909.
327
What is the highest common divisor of 11760 and 7696584?
168
What is the highest common divisor of 1026507 and 4020?
201
Calculate the greatest common divisor of 169718622 and 786.
786
What is the greatest common divisor of 169812 and 1410012?
1908
Calculate the greatest common factor of 3006450 and 216.
54
Calculate the highest common divisor of 3952 and 503803924.
988
Calculate the highest common factor of 5433 and 211.
1
What is the highest common factor of 2356320 and 7200?
480
Calculate the highest common divisor of 3740 and 2829770.
10
Calculate the highest common divisor of 1001 and 492331.
7
Calculate the highest common divisor of 1281760 and 26880.
160
What is the highest common divisor of 10 and 4458005?
5
What is the highest common factor of 450828 and 1272?
12
Calculate the greatest common divisor of 3262 and 2515934.
466
What is the greatest common divisor of 96 and 5627004?
12
What is the greatest common divisor of 106 and 2130792602?
106
What is the highest common divisor of 170452871 and 11614?
5807
What is the highest common factor of 4589510 and 180018?
146
Calculate the greatest common divisor of 112672 and 28064.
32
What is the highest common factor of 27779040 and 10505?
955
What is the greatest common divisor of 3762 and 57798114?
1254
Calculate the highest common factor of 2966384 and 8435888.
7472
What is the greatest 